{"id":2909,"date":"2022-07-27T09:32:37","date_gmt":"2022-07-27T08:32:37","guid":{"rendered":"https:\/\/edilians-group.com\/politica-de-proteccion-de-datos\/"},"modified":"2023-12-04T16:53:39","modified_gmt":"2023-12-04T15:53:39","slug":"politica-de-proteccion-de-datos","status":"publish","type":"page","link":"https:\/\/edilians-group.com\/es\/politica-de-proteccion-de-datos\/","title":{"rendered":"Pol\u00edtica de Protecci\u00f3n de Datos"},"content":{"rendered":"[vc_row type=&#8221;in_container&#8221; full_screen_row_position=&#8221;middle&#8221; column_margin=&#8221;default&#8221; column_direction=&#8221;default&#8221; column_direction_tablet=&#8221;default&#8221; column_direction_phone=&#8221;default&#8221; scene_position=&#8221;center&#8221; text_color=&#8221;dark&#8221; text_align=&#8221;left&#8221; row_border_radius=&#8221;none&#8221; row_border_radius_applies=&#8221;bg&#8221; overflow=&#8221;visible&#8221; overlay_strength=&#8221;0.3&#8243; gradient_direction=&#8221;left_to_right&#8221; shape_divider_position=&#8221;bottom&#8221; bg_image_animation=&#8221;none&#8221;][vc_column column_padding=&#8221;no-extra-padding&#8221; column_padding_tablet=&#8221;inherit&#8221; column_padding_phone=&#8221;inherit&#8221; column_padding_position=&#8221;all&#8221; column_element_direction_desktop=&#8221;default&#8221; column_element_spacing=&#8221;default&#8221; desktop_text_alignment=&#8221;default&#8221; tablet_text_alignment=&#8221;default&#8221; phone_text_alignment=&#8221;default&#8221; background_color_opacity=&#8221;1&#8243; background_hover_color_opacity=&#8221;1&#8243; column_backdrop_filter=&#8221;none&#8221; column_shadow=&#8221;none&#8221; column_border_radius=&#8221;none&#8221; column_link_target=&#8221;_self&#8221; column_position=&#8221;default&#8221; gradient_direction=&#8221;left_to_right&#8221; overlay_strength=&#8221;0.3&#8243; width=&#8221;1\/1&#8243; tablet_width_inherit=&#8221;default&#8221; animation_type=&#8221;default&#8221; bg_image_animation=&#8221;none&#8221; border_type=&#8221;simple&#8221; column_border_width=&#8221;none&#8221; column_border_style=&#8221;solid&#8221;][vc_column_text]\n<h1>Pol\u00edtica de Protecci\u00f3n de Datos<\/h1>\n<p>&nbsp;<\/p>\n<p>En esta pol\u00edtica, se describen los compromisos que el Grupo ha asumido en materia de protecci\u00f3n de datos personales:<\/p>\n<p><strong>Edilians<br \/>\n<\/strong>S. A. S., con un capital social de 161\u00a0227\u00a0700,00 euros (\u20ac);<br \/>\ndomicilio social: 65, chemin du Moulin Carron, 69570 Dardilly, Francia;<br \/>\ninscrita en el Registro Mercantil de Lyon con el n\u00famero B 449 354 224;<br \/>\n(en adelante, \u00abEdilians Group\u00bb).<\/p>\n<p>Esta pol\u00edtica de protecci\u00f3n de datos (en adelante, \u00abPol\u00edtica de Privacidad\u00bb) se aplica al contenido del sitio web <a href=\"https:\/\/edilians-group.com\/es\/\">edilians-group.com<\/a> (el \u00abSitio\u00bb) y regula el uso de datos personales por parte del Sitio o a trav\u00e9s de nuestros servicios. Lea atentamente esta Pol\u00edtica para asegurarse de que no contiene nada que no est\u00e9 dispuesto a aceptar. El uso de este Sitio implica la aceptaci\u00f3n plena e incondicional de esta Pol\u00edtica de Privacidad y su cumplimiento. Si no desea aceptar las disposiciones que contiene la Pol\u00edtica de Privacidad, no se le permitir\u00e1 utilizar este Sitio ni podr\u00e1 acceder a los servicios ofrecidos.<\/p>\n<p>&nbsp;<\/p>\n<h2><u>1. \u00bfQu\u00e9 leyes se aplican al uso que Edilians Group hace de los datos personales que le conciernen a usted?<br \/>\n<\/u><\/h2>\n<p>La presente Pol\u00edtica de Privacidad est\u00e1 sujeta a las disposiciones reglamentarias aplicables en Francia, entre las que se incluye, en particular, la Ley N.\u00ba 78-17, del 6 de enero de 1978, relativa a la inform\u00e1tica, a los ficheros y a las libertades individuales, en su versi\u00f3n modificada, as\u00ed como el Reglamento Europeo N.\u00ba 2016\/679, conocido como Reglamento General de Protecci\u00f3n de Datos (\u00abRGPD\u00bb), adem\u00e1s de cualquier normativa que pueda sustituirlos o completarlos en el futuro.<\/p>\n<p>&nbsp;<\/p>\n<h2><u>2. \u00bfCu\u00e1ndo y por qu\u00e9 recogemos datos personales sobre usted?<br \/>\n<\/u><\/h2>\n<p>En general, puede visitar nuestro Sitio sin decirnos qui\u00e9n es ni facilitarnos ning\u00fan dato personal. No obstante, cuando desee acceder a nuestros servicios, es posible que se recojan determinados datos personales.<\/p>\n<p>&nbsp;<\/p>\n<h2><u>2.1. \u00bfQu\u00e9 tipo de datos personales recogemos?<br \/>\n<\/u><\/h2>\n<p>Los datos personales que podemos recoger incluyen, entre otros, su nombre, su direcci\u00f3n postal, su direcci\u00f3n de correo electr\u00f3nico, su n\u00famero de tel\u00e9fono fijo y\/o m\u00f3vil, y cualquier otra informaci\u00f3n que se recopile al utilizar nuestros servicios.<\/p>\n<p>&nbsp;<\/p>\n<h2><u>2.2. C\u00f3mo y por qu\u00e9 Edilians Group recoge sus datos personales (fines, base jur\u00eddica para el tratamiento y plazo de conservaci\u00f3n)<br \/>\n<\/u><\/h2>\n<p>Para cada operaci\u00f3n de tratamiento, le indicaremos los fines, la base jur\u00eddica y el plazo de conservaci\u00f3n de sus datos personales.<\/p>\n<p>&nbsp;<\/p>\n<ul>\n<li>\n<h3>Contactos<\/h3>\n<\/li>\n<\/ul>\n<p>Tratamos sus datos personales recogidos con motivo de su solicitud de contacto o de informaci\u00f3n para darle a dicha petici\u00f3n la respuesta adecuada.<br \/>\nEste tratamiento es necesario a los fines de nuestros intereses leg\u00edtimos de responder a su solicitud. Sus datos personales se conservar\u00e1n durante el tiempo necesario para satisfacer su petici\u00f3n m\u00e1s un plazo de tres (3) a\u00f1os.<\/p>\n<p>A los profesionales que se hayan puesto en contacto con nosotros para solicitar informaci\u00f3n sobre nuestros servicios y productos, podremos ofrecerles el env\u00edo de comunicaciones comerciales y nuestro bolet\u00edn informativo, a menos que se opongan a ello.<\/p>\n<p>&nbsp;<\/p>\n<ul>\n<li>\n<h3>Empleo<\/h3>\n<\/li>\n<\/ul>\n<p>Tratamos sus datos personales recogidos cuando analizamos la solicitud de empleo que nos env\u00eda. Este tratamiento es necesario para la llevar a cabo algunas acciones precontractuales con motivo de su solicitud y con miras a la posible celebraci\u00f3n de un contrato de trabajo o de pr\u00e1cticas. Sus datos personales se conservar\u00e1n durante el tiempo necesario para el proceso de selecci\u00f3n de personal. Si no resulta seleccionado para el puesto, podemos ofrecerle conservar su perfil para que podamos ponernos en contacto con usted m\u00e1s adelante si un puesto acorde a su perfil queda vacante, a menos que se oponga a ello. Este tratamiento es necesario a los fines de nuestros intereses leg\u00edtimos, que consisten en crear una base de datos de perfiles susceptibles de satisfacer nuestras futuras necesidades de contrataci\u00f3n. Sus datos personales se conservar\u00e1n durante un periodo de dos (2) a\u00f1os a partir de la fecha de nuestro \u00faltimo contacto.<\/p>\n<p>&nbsp;<\/p>\n<h2><u>3. \u00bfQui\u00e9n tendr\u00e1 acceso a sus datos personales?<br \/>\n<\/u><\/h2>\n<p>Solo un n\u00famero limitado de nuestros empleados tendr\u00e1 acceso a sus datos personales, que podr\u00e1n consultar \u00fanicamente si es necesario para cumplir con sus funciones laborales.<\/p>\n<p>Los datos personales que nos facilite no se pondr\u00e1n a disposici\u00f3n de terceros, ni se transmitir\u00e1n, vender\u00e1n o intercambiar\u00e1n, salvo en los casos descritos a continuaci\u00f3n.<\/p>\n<p>Como se indica en la p\u00e1gina correspondiente del sitio, cuando solicite un presupuesto, transferiremos sus datos personales a uno o m\u00e1s (hasta tres) instaladores cualificados, quienes elaborar\u00e1n un presupuesto de acuerdo con su solicitud y se lo enviar\u00e1n. Hemos tomado todas las medidas necesarias con estos profesionales cualificados, que nosotros mismos seleccionamos, para garantizar que utilicen sus datos personales \u00fanicamente para este fin.<\/p>\n<p>Podremos transferir (o poner a disposici\u00f3n) sus datos personales a proveedores de servicios que procesan datos personales por nuestra cuenta. Solo transferimos lo que sea necesario para que ese tercero preste su servicio y cumpla sus obligaciones contractuales.<\/p>\n<p>Con el fin de cumplir las leyes y reglamentos de aplicaci\u00f3n obligatoria, podremos revelar sus datos personales a terceros, como, por ejemplo, las autoridades p\u00fablicas competentes.<\/p>\n<p>Cuando, en las condiciones expuestas anteriormente, sus datos personales puedan transferirse fuera del territorio de la Uni\u00f3n Europea o del Espacio Econ\u00f3mico Europeo, Edilians se asegurar\u00e1 de que el destinatario est\u00e9 situado en un pa\u00eds que, seg\u00fan la Comisi\u00f3n Europea, cuente con un nivel de protecci\u00f3n adecuado o, en su defecto, ofrezca las garant\u00edas apropiadas necesarias, en particular, mediante la aplicaci\u00f3n de las cl\u00e1usulas contractuales tipo que ha aprobado la Comisi\u00f3n Europea.<\/p>\n<p>&nbsp;<\/p>\n<h2><u>4. \u00bfCu\u00e1les son sus derechos?<br \/>\n<\/u><\/h2>\n<p>Usted tiene derecho a acceder, rectificar, suprimir o portar sus datos personales, as\u00ed como a oponerse o solicitar la limitaci\u00f3n del tratamiento o a retirar su consentimiento, en las condiciones y dentro de los l\u00edmites previstos por la ley. Tambi\u00e9n podr\u00e1 definir y comunicar a Edilians directrices espec\u00edficas relativas a la conservaci\u00f3n, supresi\u00f3n y comunicaci\u00f3n de sus datos personales tras su fallecimiento.<\/p>\n<p>Para ejercer sus derechos, podr\u00e1 escribirnos a estas direcciones:<\/p>\n<p>&#8211; Por correo postal: Edilians S. A. S. &#8211; Service Marketing Digital\/Donn\u00e9es personnelles, 65, Chemin du Moulin Carron, 69570 Dardilly, Francia.<br \/>\n&#8211; Por correo electr\u00f3nico: <a href=\"mailto:donneespersonnelles@edilians.com\">donneespersonnelles@edilians.com<\/a><\/p>\n<p>Si, tras ponerse en contacto con Edilians, considera que no se han respetado sus derechos o que el tratamiento realizado por Edilians no se ajusta a la normativa aplicable, podr\u00e1 presentar una reclamaci\u00f3n ante la CNIL (Comisi\u00f3n Francesa de Inform\u00e1tica y Libertades), en la siguiente direcci\u00f3n: 3, place de Fontenoy, TSA 80715 75334, Par\u00eds cedex 07 (tel.: +33 1 53 73 22 22).[\/vc_column_text][\/vc_column][\/vc_row]\n","protected":false},"excerpt":{"rendered":"<p>[vc_row type=&#8221;in_container&#8221; full_screen_row_position=&#8221;middle&#8221; column_margin=&#8221;default&#8221; column_direction=&#8221;default&#8221; column_direction_tablet=&#8221;default&#8221; column_direction_phone=&#8221;default&#8221; scene_position=&#8221;center&#8221; text_color=&#8221;dark&#8221; text_align=&#8221;left&#8221; row_border_radius=&#8221;none&#8221; row_border_radius_applies=&#8221;bg&#8221; overflow=&#8221;visible&#8221; overlay_strength=&#8221;0.3&#8243; gradient_direction=&#8221;left_to_right&#8221; shape_divider_position=&#8221;bottom&#8221; bg_image_animation=&#8221;none&#8221;][vc_column column_padding=&#8221;no-extra-padding&#8221; column_padding_tablet=&#8221;inherit&#8221; column_padding_phone=&#8221;inherit&#8221; column_padding_position=&#8221;all&#8221; column_element_direction_desktop=&#8221;default&#8221; column_element_spacing=&#8221;default&#8221; desktop_text_alignment=&#8221;default&#8221; tablet_text_alignment=&#8221;default&#8221; phone_text_alignment=&#8221;default&#8221; background_color_opacity=&#8221;1&#8243; background_hover_color_opacity=&#8221;1&#8243; column_backdrop_filter=&#8221;none&#8221; column_shadow=&#8221;none&#8221;&#8230;<\/p>\n","protected":false},"author":4,"featured_media":0,"parent":0,"menu_order":0,"comment_status":"closed","ping_status":"closed","template":"","meta":{"footnotes":""},"class_list":["post-2909","page","type-page","status-publish"],"_links":{"self":[{"href":"https:\/\/edilians-group.com\/es\/wp-json\/wp\/v2\/pages\/2909","targetHints":{"allow":["GET"]}}],"collection":[{"href":"https:\/\/edilians-group.com\/es\/wp-json\/wp\/v2\/pages"}],"about":[{"href":"https:\/\/edilians-group.com\/es\/wp-json\/wp\/v2\/types\/page"}],"author":[{"embeddable":true,"href":"https:\/\/edilians-group.com\/es\/wp-json\/wp\/v2\/users\/4"}],"replies":[{"embeddable":true,"href":"https:\/\/edilians-group.com\/es\/wp-json\/wp\/v2\/comments?post=2909"}],"version-history":[{"count":3,"href":"https:\/\/edilians-group.com\/es\/wp-json\/wp\/v2\/pages\/2909\/revisions"}],"predecessor-version":[{"id":4044,"href":"https:\/\/edilians-group.com\/es\/wp-json\/wp\/v2\/pages\/2909\/revisions\/4044"}],"wp:attachment":[{"href":"https:\/\/edilians-group.com\/es\/wp-json\/wp\/v2\/media?parent=2909"}],"curies":[{"name":"wp","href":"https:\/\/api.w.org\/{rel}","templated":true}]}}

Política de Protección de Datos

[vc_row type=&#8221;in_container&#8221; full_screen_row_position=&#8221;middle&#8221; column_margin=&#8221;default&#8221; column_direction=&#8221;default&#8221; column_direction_tablet=&#8221;default&#8221; column_direction_phone=&#8221;default&#8221; scene_position=&#8221;center&#8221; text_color=&#8221;dark&#8221; text_align=&#8221;left&#8221; row_border_radius=&#8221;none&#8221; row_border_radius_applies=&#8221;bg&#8221; overflow=&#8221;visible&#8221; overlay_strength=&#8221;0.3&#8243; gradient_direction=&#8221;left_to_right&#8221; shape_divider_position=&#8221;bottom&#8221; bg_image_animation=&#8221;none&#8221;][vc_column column_padding=&#8221;no-extra-padding&#8221; column_padding_tablet=&#8221;inherit&#8221; column_padding_phone=&#8221;inherit&#8221; column_padding_position=&#8221;all&#8221; column_element_direction_desktop=&#8221;default&#8221; column_element_spacing=&#8221;default&#8221; desktop_text_alignment=&#8221;default&#8221; tablet_text_alignment=&#8221;default&#8221; phone_text_alignment=&#8221;default&#8221; background_color_opacity=&#8221;1&#8243; background_hover_color_opacity=&#8221;1&#8243; column_backdrop_filter=&#8221;none&#8221; column_shadow=&#8221;none&#8221; column_border_radius=&#8221;none&#8221; column_link_target=&#8221;_self&#8221; column_position=&#8221;default&#8221; gradient_direction=&#8221;left_to_right&#8221; overlay_strength=&#8221;0.3&#8243; width=&#8221;1/1&#8243; tablet_width_inherit=&#8221;default&#8221; animation_type=&#8221;default&#8221; bg_image_animation=&#8221;none&#8221; border_type=&#8221;simple&#8221; column_border_width=&#8221;none&#8221; column_border_style=&#8221;solid&#8221;][vc_column_text]
<h1>Política de Protección de Datos</h1>
<p>&nbsp;</p>
<p>En esta política, se describen los compromisos que el Grupo ha asumido en materia de protección de datos personales:</p>
<p><strong>Edilians<br />
</strong>S. A. S., con un capital social de 161 227 700,00 euros (€);<br />
domicilio social: 65, chemin du Moulin Carron, 69570 Dardilly, Francia;<br />
inscrita en el Registro Mercantil de Lyon con el número B 449 354 224;<br />
(en adelante, «Edilians Group»).</p>
<p>Esta política de protección de datos (en adelante, «Política de Privacidad») se aplica al contenido del sitio web <a href="https://edilians-group.com/es/">edilians-group.com</a> (el «Sitio») y regula el uso de datos personales por parte del Sitio o a través de nuestros servicios. Lea atentamente esta Política para asegurarse de que no contiene nada que no esté dispuesto a aceptar. El uso de este Sitio implica la aceptación plena e incondicional de esta Política de Privacidad y su cumplimiento. Si no desea aceptar las disposiciones que contiene la Política de Privacidad, no se le permitirá utilizar este Sitio ni podrá acceder a los servicios ofrecidos.</p>
<p>&nbsp;</p>
<h2><u>1. ¿Qué leyes se aplican al uso que Edilians Group hace de los datos personales que le conciernen a usted?<br />
</u></h2>
<p>La presente Política de Privacidad está sujeta a las disposiciones reglamentarias aplicables en Francia, entre las que se incluye, en particular, la Ley N.º 78-17, del 6 de enero de 1978, relativa a la informática, a los ficheros y a las libertades individuales, en su versión modificada, así como el Reglamento Europeo N.º 2016/679, conocido como Reglamento General de Protección de Datos («RGPD»), además de cualquier normativa que pueda sustituirlos o completarlos en el futuro.</p>
<p>&nbsp;</p>
<h2><u>2. ¿Cuándo y por qué recogemos datos personales sobre usted?<br />
</u></h2>
<p>En general, puede visitar nuestro Sitio sin decirnos quién es ni facilitarnos ningún dato personal. No obstante, cuando desee acceder a nuestros servicios, es posible que se recojan determinados datos personales.</p>
<p>&nbsp;</p>
<h2><u>2.1. ¿Qué tipo de datos personales recogemos?<br />
</u></h2>
<p>Los datos personales que podemos recoger incluyen, entre otros, su nombre, su dirección postal, su dirección de correo electrónico, su número de teléfono fijo y/o móvil, y cualquier otra información que se recopile al utilizar nuestros servicios.</p>
<p>&nbsp;</p>
<h2><u>2.2. Cómo y por qué Edilians Group recoge sus datos personales (fines, base jurídica para el tratamiento y plazo de conservación)<br />
</u></h2>
<p>Para cada operación de tratamiento, le indicaremos los fines, la base jurídica y el plazo de conservación de sus datos personales.</p>
<p>&nbsp;</p>
<ul>
<li>
<h3>Contactos</h3>
</li>
</ul>
<p>Tratamos sus datos personales recogidos con motivo de su solicitud de contacto o de información para darle a dicha petición la respuesta adecuada.<br />
Este tratamiento es necesario a los fines de nuestros intereses legítimos de responder a su solicitud. Sus datos personales se conservarán durante el tiempo necesario para satisfacer su petición más un plazo de tres (3) años.</p>
<p>A los profesionales que se hayan puesto en contacto con nosotros para solicitar información sobre nuestros servicios y productos, podremos ofrecerles el envío de comunicaciones comerciales y nuestro boletín informativo, a menos que se opongan a ello.</p>
<p>&nbsp;</p>
<ul>
<li>
<h3>Empleo</h3>
</li>
</ul>
<p>Tratamos sus datos personales recogidos cuando analizamos la solicitud de empleo que nos envía. Este tratamiento es necesario para la llevar a cabo algunas acciones precontractuales con motivo de su solicitud y con miras a la posible celebración de un contrato de trabajo o de prácticas. Sus datos personales se conservarán durante el tiempo necesario para el proceso de selección de personal. Si no resulta seleccionado para el puesto, podemos ofrecerle conservar su perfil para que podamos ponernos en contacto con usted más adelante si un puesto acorde a su perfil queda vacante, a menos que se oponga a ello. Este tratamiento es necesario a los fines de nuestros intereses legítimos, que consisten en crear una base de datos de perfiles susceptibles de satisfacer nuestras futuras necesidades de contratación. Sus datos personales se conservarán durante un periodo de dos (2) años a partir de la fecha de nuestro último contacto.</p>
<p>&nbsp;</p>
<h2><u>3. ¿Quién tendrá acceso a sus datos personales?<br />
</u></h2>
<p>Solo un número limitado de nuestros empleados tendrá acceso a sus datos personales, que podrán consultar únicamente si es necesario para cumplir con sus funciones laborales.</p>
<p>Los datos personales que nos facilite no se pondrán a disposición de terceros, ni se transmitirán, venderán o intercambiarán, salvo en los casos descritos a continuación.</p>
<p>Como se indica en la página correspondiente del sitio, cuando solicite un presupuesto, transferiremos sus datos personales a uno o más (hasta tres) instaladores cualificados, quienes elaborarán un presupuesto de acuerdo con su solicitud y se lo enviarán. Hemos tomado todas las medidas necesarias con estos profesionales cualificados, que nosotros mismos seleccionamos, para garantizar que utilicen sus datos personales únicamente para este fin.</p>
<p>Podremos transferir (o poner a disposición) sus datos personales a proveedores de servicios que procesan datos personales por nuestra cuenta. Solo transferimos lo que sea necesario para que ese tercero preste su servicio y cumpla sus obligaciones contractuales.</p>
<p>Con el fin de cumplir las leyes y reglamentos de aplicación obligatoria, podremos revelar sus datos personales a terceros, como, por ejemplo, las autoridades públicas competentes.</p>
<p>Cuando, en las condiciones expuestas anteriormente, sus datos personales puedan transferirse fuera del territorio de la Unión Europea o del Espacio Económico Europeo, Edilians se asegurará de que el destinatario esté situado en un país que, según la Comisión Europea, cuente con un nivel de protección adecuado o, en su defecto, ofrezca las garantías apropiadas necesarias, en particular, mediante la aplicación de las cláusulas contractuales tipo que ha aprobado la Comisión Europea.</p>
<p>&nbsp;</p>
<h2><u>4. ¿Cuáles son sus derechos?<br />
</u></h2>
<p>Usted tiene derecho a acceder, rectificar, suprimir o portar sus datos personales, así como a oponerse o solicitar la limitación del tratamiento o a retirar su consentimiento, en las condiciones y dentro de los límites previstos por la ley. También podrá definir y comunicar a Edilians directrices específicas relativas a la conservación, supresión y comunicación de sus datos personales tras su fallecimiento.</p>
<p>Para ejercer sus derechos, podrá escribirnos a estas direcciones:</p>
<p>&#8211; Por correo postal: Edilians S. A. S. &#8211; Service Marketing Digital/Données personnelles, 65, Chemin du Moulin Carron, 69570 Dardilly, Francia.<br />
&#8211; Por correo electrónico: <a href="mailto:donneespersonnelles@edilians.com">donneespersonnelles@edilians.com</a></p>
<p>Si, tras ponerse en contacto con Edilians, considera que no se han respetado sus derechos o que el tratamiento realizado por Edilians no se ajusta a la normativa aplicable, podrá presentar una reclamación ante la CNIL (Comisión Francesa de Informática y Libertades), en la siguiente dirección: 3, place de Fontenoy, TSA 80715 75334, París cedex 07 (tel.: +33 1 53 73 22 22).[/vc_column_text][/vc_column][/vc_row]
